{"id":1474,"date":"2023-05-03T14:55:52","date_gmt":"2023-05-03T14:55:52","guid":{"rendered":"https:\/\/catedra-hp.webs.upv.es\/?page_id=1474"},"modified":"2023-05-03T14:57:01","modified_gmt":"2023-05-03T14:57:01","slug":"charla-automated-testing-ofrecida-por-hp","status":"publish","type":"page","link":"https:\/\/catedra-hp.webs.upv.es\/index.php\/charla-automated-testing-ofrecida-por-hp\/","title":{"rendered":"Charla \u00abAutomated Testing\u00bb ofrecida por HP"},"content":{"rendered":"\t\t<div data-elementor-type=\"wp-page\" data-elementor-id=\"1474\" class=\"elementor elementor-1474\">\n\t\t\t\t\t\t<section class=\"elementor-section elementor-top-section elementor-element elementor-element-428b9b30 elementor-section-stretched elementor-section-boxed elementor-section-height-default elementor-section-height-default\" data-id=\"428b9b30\" data-element_type=\"section\" data-e-type=\"section\" data-settings=\"{&quot;stretch_section&quot;:&quot;section-stretched&quot;,&quot;background_background&quot;:&quot;classic&quot;}\">\n\t\t\t\t\t\t<div class=\"elementor-container elementor-column-gap-default\">\n\t\t\t\t\t<div class=\"elementor-column elementor-col-100 elementor-top-column elementor-element elementor-element-4e4ab9b0\" data-id=\"4e4ab9b0\" data-element_type=\"column\" data-e-type=\"column\">\n\t\t\t<div class=\"elementor-widget-wrap elementor-element-populated\">\n\t\t\t\t\t\t<div class=\"elementor-element elementor-element-15ec43e2 elementor-widget elementor-widget-heading\" data-id=\"15ec43e2\" data-element_type=\"widget\" data-e-type=\"widget\" data-widget_type=\"heading.default\">\n\t\t\t\t<div class=\"elementor-widget-container\">\n\t\t\t\t\t<h2 class=\"elementor-heading-title elementor-size-default\">Charla \"Automated Testing\" ofrecida por HP<\/h2>\t\t\t\t<\/div>\n\t\t\t\t<\/div>\n\t\t\t\t\t<\/div>\n\t\t<\/div>\n\t\t\t\t\t<\/div>\n\t\t<\/section>\n\t\t\t\t<section class=\"elementor-section elementor-top-section elementor-element elementor-element-466210bb elementor-section-boxed elementor-section-height-default elementor-section-height-default\" data-id=\"466210bb\" data-element_type=\"section\" data-e-type=\"section\" data-settings=\"{&quot;background_background&quot;:&quot;classic&quot;}\">\n\t\t\t\t\t\t<div class=\"elementor-container elementor-column-gap-default\">\n\t\t\t\t\t<div class=\"elementor-column elementor-col-16 elementor-top-column elementor-element elementor-element-7394ad1b\" data-id=\"7394ad1b\" data-element_type=\"column\" data-e-type=\"column\">\n\t\t\t<div class=\"elementor-widget-wrap\">\n\t\t\t\t\t\t\t<\/div>\n\t\t<\/div>\n\t\t\t\t<div class=\"elementor-column elementor-col-66 elementor-top-column elementor-element elementor-element-2384aaad\" data-id=\"2384aaad\" data-element_type=\"column\" data-e-type=\"column\" data-settings=\"{&quot;background_background&quot;:&quot;classic&quot;}\">\n\t\t\t<div class=\"elementor-widget-wrap elementor-element-populated\">\n\t\t\t\t\t\t<div class=\"elementor-element elementor-element-10c7744a elementor-widget elementor-widget-html\" data-id=\"10c7744a\" data-element_type=\"widget\" data-e-type=\"widget\" data-widget_type=\"html.default\">\n\t\t\t\t<div class=\"elementor-widget-container\">\n\t\t\t\t\t<span style=\"font-family:Poppins; background-color:#467ff7;color:#fff;padding:5px 10px;border-radius:6px;\">26 de abril de 2023<\/span>\t\t\t\t<\/div>\n\t\t\t\t<\/div>\n\t\t\t\t<div class=\"elementor-element elementor-element-1621a826 elementor-widget elementor-widget-text-editor\" data-id=\"1621a826\" data-element_type=\"widget\" data-e-type=\"widget\" data-widget_type=\"text-editor.default\">\n\t\t\t\t<div class=\"elementor-widget-container\">\n\t\t\t\t\t\t\t\t\t<p>Marcos Venteo, SW Automation Architec en HP (Large Printing) dict\u00f3 la charla titulada \u00abThe importance of automation testing in firmware and software development\u00bb. Esta charla se enmarc\u00f3 en dos clases de la rama de Ingenier\u00eda del Software de la escuela de inform\u00e1tica (ETSINF). En esta charla Marcos Venteo present\u00f3 su visi\u00f3n acerca de la importancia y desaf\u00edos de la automatizaci\u00f3n de las pruebas, especialmente en entornos donde se combina hardware con software. Esta charla fue organizada y apoyada por la C\u00e1tedra HP-UPV.<\/p>\t\t\t\t\t\t\t\t<\/div>\n\t\t\t\t<\/div>\n\t\t\t\t<div class=\"elementor-element elementor-element-6a831611 gallery-spacing-custom elementor-widget elementor-widget-image-gallery\" data-id=\"6a831611\" data-element_type=\"widget\" data-e-type=\"widget\" data-widget_type=\"image-gallery.default\">\n\t\t\t\t<div class=\"elementor-widget-container\">\n\t\t\t\t\t\t\t<div class=\"elementor-image-gallery\">\n\t\t\t<div id='gallery-1' class='gallery galleryid-1474 gallery-columns-2 gallery-size-medium_large'><figure class='gallery-item'>\n\t\t\t<div class='gallery-icon landscape'>\n\t\t\t\t<a data-elementor-open-lightbox=\"yes\" data-elementor-lightbox-slideshow=\"6a831611\" data-elementor-lightbox-title=\"Charla &quot;Automated Testing&quot; ofrecida por HP\" data-e-action-hash=\"#elementor-action%3Aaction%3Dlightbox%26settings%3DeyJpZCI6MTQ1NiwidXJsIjoiaHR0cHM6XC9cL2NhdGVkcmEtaHAud2Vicy51cHYuZXNcL3dwLWNvbnRlbnRcL3VwbG9hZHNcLzIwMjNcLzA1XC9NaWNyb3NvZnRUZWFtcy1pbWFnZS0yOS5qcGciLCJzbGlkZXNob3ciOiI2YTgzMTYxMSJ9\" href='https:\/\/catedra-hp.webs.upv.es\/wp-content\/uploads\/2023\/05\/MicrosoftTeams-image-29.jpg'><img fetchpriority=\"high\" decoding=\"async\" width=\"768\" height=\"359\" src=\"https:\/\/catedra-hp.webs.upv.es\/wp-content\/uploads\/2023\/05\/MicrosoftTeams-image-29-768x359.jpg\" class=\"attachment-medium_large size-medium_large\" alt=\"\" srcset=\"https:\/\/catedra-hp.webs.upv.es\/wp-content\/uploads\/2023\/05\/MicrosoftTeams-image-29-768x359.jpg 768w, https:\/\/catedra-hp.webs.upv.es\/wp-content\/uploads\/2023\/05\/MicrosoftTeams-image-29-300x140.jpg 300w, https:\/\/catedra-hp.webs.upv.es\/wp-content\/uploads\/2023\/05\/MicrosoftTeams-image-29-1024x478.jpg 1024w, https:\/\/catedra-hp.webs.upv.es\/wp-content\/uploads\/2023\/05\/MicrosoftTeams-image-29-1536x717.jpg 1536w, https:\/\/catedra-hp.webs.upv.es\/wp-content\/uploads\/2023\/05\/MicrosoftTeams-image-29.jpg 2000w\" sizes=\"(max-width: 768px) 100vw, 768px\" \/><\/a>\n\t\t\t<\/div><\/figure><figure class='gallery-item'>\n\t\t\t<div class='gallery-icon landscape'>\n\t\t\t\t<a data-elementor-open-lightbox=\"yes\" data-elementor-lightbox-slideshow=\"6a831611\" data-elementor-lightbox-title=\"Charla &quot;Automated Testing&quot; ofrecida por HP\" data-e-action-hash=\"#elementor-action%3Aaction%3Dlightbox%26settings%3DeyJpZCI6MTQ1NSwidXJsIjoiaHR0cHM6XC9cL2NhdGVkcmEtaHAud2Vicy51cHYuZXNcL3dwLWNvbnRlbnRcL3VwbG9hZHNcLzIwMjNcLzA1XC9NaWNyb3NvZnRUZWFtcy1pbWFnZS0zMC5qcGciLCJzbGlkZXNob3ciOiI2YTgzMTYxMSJ9\" href='https:\/\/catedra-hp.webs.upv.es\/wp-content\/uploads\/2023\/05\/MicrosoftTeams-image-30.jpg'><img decoding=\"async\" width=\"768\" height=\"359\" src=\"https:\/\/catedra-hp.webs.upv.es\/wp-content\/uploads\/2023\/05\/MicrosoftTeams-image-30-768x359.jpg\" class=\"attachment-medium_large size-medium_large\" alt=\"\" srcset=\"https:\/\/catedra-hp.webs.upv.es\/wp-content\/uploads\/2023\/05\/MicrosoftTeams-image-30-768x359.jpg 768w, https:\/\/catedra-hp.webs.upv.es\/wp-content\/uploads\/2023\/05\/MicrosoftTeams-image-30-300x140.jpg 300w, https:\/\/catedra-hp.webs.upv.es\/wp-content\/uploads\/2023\/05\/MicrosoftTeams-image-30-1024x478.jpg 1024w, https:\/\/catedra-hp.webs.upv.es\/wp-content\/uploads\/2023\/05\/MicrosoftTeams-image-30-1536x717.jpg 1536w, https:\/\/catedra-hp.webs.upv.es\/wp-content\/uploads\/2023\/05\/MicrosoftTeams-image-30.jpg 2000w\" sizes=\"(max-width: 768px) 100vw, 768px\" \/><\/a>\n\t\t\t<\/div><\/figure><figure class='gallery-item'>\n\t\t\t<div class='gallery-icon landscape'>\n\t\t\t\t<a data-elementor-open-lightbox=\"yes\" data-elementor-lightbox-slideshow=\"6a831611\" data-elementor-lightbox-title=\"Charla &quot;Automated Testing&quot; ofrecida por HP\" data-e-action-hash=\"#elementor-action%3Aaction%3Dlightbox%26settings%3DeyJpZCI6MTQ1NCwidXJsIjoiaHR0cHM6XC9cL2NhdGVkcmEtaHAud2Vicy51cHYuZXNcL3dwLWNvbnRlbnRcL3VwbG9hZHNcLzIwMjNcLzA1XC9NaWNyb3NvZnRUZWFtcy1pbWFnZS0zMS5qcGciLCJzbGlkZXNob3ciOiI2YTgzMTYxMSJ9\" href='https:\/\/catedra-hp.webs.upv.es\/wp-content\/uploads\/2023\/05\/MicrosoftTeams-image-31.jpg'><img decoding=\"async\" width=\"768\" height=\"359\" src=\"https:\/\/catedra-hp.webs.upv.es\/wp-content\/uploads\/2023\/05\/MicrosoftTeams-image-31-768x359.jpg\" class=\"attachment-medium_large size-medium_large\" alt=\"\" srcset=\"https:\/\/catedra-hp.webs.upv.es\/wp-content\/uploads\/2023\/05\/MicrosoftTeams-image-31-768x359.jpg 768w, https:\/\/catedra-hp.webs.upv.es\/wp-content\/uploads\/2023\/05\/MicrosoftTeams-image-31-300x140.jpg 300w, https:\/\/catedra-hp.webs.upv.es\/wp-content\/uploads\/2023\/05\/MicrosoftTeams-image-31-1024x478.jpg 1024w, https:\/\/catedra-hp.webs.upv.es\/wp-content\/uploads\/2023\/05\/MicrosoftTeams-image-31-1536x717.jpg 1536w, https:\/\/catedra-hp.webs.upv.es\/wp-content\/uploads\/2023\/05\/MicrosoftTeams-image-31.jpg 2000w\" sizes=\"(max-width: 768px) 100vw, 768px\" \/><\/a>\n\t\t\t<\/div><\/figure><figure class='gallery-item'>\n\t\t\t<div class='gallery-icon landscape'>\n\t\t\t\t<a data-elementor-open-lightbox=\"yes\" data-elementor-lightbox-slideshow=\"6a831611\" data-elementor-lightbox-title=\"Charla &quot;Automated Testing&quot; ofrecida por HP\" data-e-action-hash=\"#elementor-action%3Aaction%3Dlightbox%26settings%3DeyJpZCI6MTQ1MywidXJsIjoiaHR0cHM6XC9cL2NhdGVkcmEtaHAud2Vicy51cHYuZXNcL3dwLWNvbnRlbnRcL3VwbG9hZHNcLzIwMjNcLzA1XC9NaWNyb3NvZnRUZWFtcy1pbWFnZS0zMi5qcGciLCJzbGlkZXNob3ciOiI2YTgzMTYxMSJ9\" href='https:\/\/catedra-hp.webs.upv.es\/wp-content\/uploads\/2023\/05\/MicrosoftTeams-image-32.jpg'><img loading=\"lazy\" decoding=\"async\" width=\"768\" height=\"359\" src=\"https:\/\/catedra-hp.webs.upv.es\/wp-content\/uploads\/2023\/05\/MicrosoftTeams-image-32-768x359.jpg\" class=\"attachment-medium_large size-medium_large\" alt=\"\" srcset=\"https:\/\/catedra-hp.webs.upv.es\/wp-content\/uploads\/2023\/05\/MicrosoftTeams-image-32-768x359.jpg 768w, https:\/\/catedra-hp.webs.upv.es\/wp-content\/uploads\/2023\/05\/MicrosoftTeams-image-32-300x140.jpg 300w, https:\/\/catedra-hp.webs.upv.es\/wp-content\/uploads\/2023\/05\/MicrosoftTeams-image-32-1024x478.jpg 1024w, https:\/\/catedra-hp.webs.upv.es\/wp-content\/uploads\/2023\/05\/MicrosoftTeams-image-32-1536x717.jpg 1536w, https:\/\/catedra-hp.webs.upv.es\/wp-content\/uploads\/2023\/05\/MicrosoftTeams-image-32.jpg 2000w\" sizes=\"(max-width: 768px) 100vw, 768px\" \/><\/a>\n\t\t\t<\/div><\/figure><figure class='gallery-item'>\n\t\t\t<div class='gallery-icon landscape'>\n\t\t\t\t<a data-elementor-open-lightbox=\"yes\" data-elementor-lightbox-slideshow=\"6a831611\" data-elementor-lightbox-title=\"Charla &quot;Automated Testing&quot; ofrecida por HP\" data-e-action-hash=\"#elementor-action%3Aaction%3Dlightbox%26settings%3DeyJpZCI6MTQ1MiwidXJsIjoiaHR0cHM6XC9cL2NhdGVkcmEtaHAud2Vicy51cHYuZXNcL3dwLWNvbnRlbnRcL3VwbG9hZHNcLzIwMjNcLzA1XC9NaWNyb3NvZnRUZWFtcy1pbWFnZS0zMy5qcGciLCJzbGlkZXNob3ciOiI2YTgzMTYxMSJ9\" href='https:\/\/catedra-hp.webs.upv.es\/wp-content\/uploads\/2023\/05\/MicrosoftTeams-image-33.jpg'><img loading=\"lazy\" decoding=\"async\" width=\"768\" height=\"573\" src=\"https:\/\/catedra-hp.webs.upv.es\/wp-content\/uploads\/2023\/05\/MicrosoftTeams-image-33-768x573.jpg\" class=\"attachment-medium_large size-medium_large\" alt=\"\" srcset=\"https:\/\/catedra-hp.webs.upv.es\/wp-content\/uploads\/2023\/05\/MicrosoftTeams-image-33-768x573.jpg 768w, https:\/\/catedra-hp.webs.upv.es\/wp-content\/uploads\/2023\/05\/MicrosoftTeams-image-33-300x224.jpg 300w, https:\/\/catedra-hp.webs.upv.es\/wp-content\/uploads\/2023\/05\/MicrosoftTeams-image-33.jpg 802w\" sizes=\"(max-width: 768px) 100vw, 768px\" \/><\/a>\n\t\t\t<\/div><\/figure>\n\t\t<\/div>\n\t\t<\/div>\n\t\t\t\t\t\t<\/div>\n\t\t\t\t<\/div>\n\t\t\t\t\t<\/div>\n\t\t<\/div>\n\t\t\t\t<div class=\"elementor-column elementor-col-16 elementor-top-column elementor-element elementor-element-61c0fa9b\" data-id=\"61c0fa9b\" data-element_type=\"column\" data-e-type=\"column\" data-settings=\"{&quot;background_background&quot;:&quot;classic&quot;}\">\n\t\t\t<div class=\"elementor-widget-wrap\">\n\t\t\t\t\t\t\t<\/div>\n\t\t<\/div>\n\t\t\t\t\t<\/div>\n\t\t<\/section>\n\t\t\t\t<section class=\"elementor-section elementor-top-section elementor-element elementor-element-6fb07461 elementor-section-boxed elementor-section-height-default elementor-section-height-default\" data-id=\"6fb07461\" data-element_type=\"section\" data-e-type=\"section\">\n\t\t\t\t\t\t<div class=\"elementor-container elementor-column-gap-default\">\n\t\t\t\t\t<div class=\"elementor-column elementor-col-100 elementor-top-column elementor-element elementor-element-be12fb9\" data-id=\"be12fb9\" data-element_type=\"column\" data-e-type=\"column\">\n\t\t\t<div class=\"elementor-widget-wrap\">\n\t\t\t\t\t\t\t<\/div>\n\t\t<\/div>\n\t\t\t\t\t<\/div>\n\t\t<\/section>\n\t\t\t\t<\/div>\n\t\t","protected":false},"excerpt":{"rendered":"<p>Charla \u00abAutomated Testing\u00bb ofrecida por HP 26 de abril de 2023 Marcos Venteo, SW Automation Architec en HP (Large Printing) dict\u00f3 la charla titulada \u00abThe importance of automation testing in firmware and software development\u00bb. Esta charla se enmarc\u00f3 en dos clases de la rama de Ingenier\u00eda del Software de la escuela de inform\u00e1tica (ETSINF). En [&hellip;]<\/p>\n","protected":false},"author":3,"featured_media":0,"parent":0,"menu_order":0,"comment_status":"closed","ping_status":"closed","template":"","meta":{"footnotes":""},"class_list":["post-1474","page","type-page","status-publish","hentry"],"_links":{"self":[{"href":"https:\/\/catedra-hp.webs.upv.es\/index.php\/wp-json\/wp\/v2\/pages\/1474","targetHints":{"allow":["GET"]}}],"collection":[{"href":"https:\/\/catedra-hp.webs.upv.es\/index.php\/wp-json\/wp\/v2\/pages"}],"about":[{"href":"https:\/\/catedra-hp.webs.upv.es\/index.php\/wp-json\/wp\/v2\/types\/page"}],"author":[{"embeddable":true,"href":"https:\/\/catedra-hp.webs.upv.es\/index.php\/wp-json\/wp\/v2\/users\/3"}],"replies":[{"embeddable":true,"href":"https:\/\/catedra-hp.webs.upv.es\/index.php\/wp-json\/wp\/v2\/comments?post=1474"}],"version-history":[{"count":0,"href":"https:\/\/catedra-hp.webs.upv.es\/index.php\/wp-json\/wp\/v2\/pages\/1474\/revisions"}],"wp:attachment":[{"href":"https:\/\/catedra-hp.webs.upv.es\/index.php\/wp-json\/wp\/v2\/media?parent=1474"}],"curies":[{"name":"wp","href":"https:\/\/api.w.org\/{rel}","templated":true}]}}