{"id":2004,"date":"2023-12-14T21:59:05","date_gmt":"2023-12-14T21:59:05","guid":{"rendered":"https:\/\/catedra-hp.webs.upv.es\/?page_id=2004"},"modified":"2023-12-14T22:01:12","modified_gmt":"2023-12-14T22:01:12","slug":"visita-a-hp-valencia","status":"publish","type":"page","link":"https:\/\/catedra-hp.webs.upv.es\/index.php\/visita-a-hp-valencia\/","title":{"rendered":"Visita a HP Valencia"},"content":{"rendered":"\t\t<div data-elementor-type=\"wp-page\" data-elementor-id=\"2004\" class=\"elementor elementor-2004\">\n\t\t\t\t\t\t<section class=\"elementor-section elementor-top-section elementor-element elementor-element-7f707ea0 elementor-section-stretched elementor-section-boxed elementor-section-height-default elementor-section-height-default\" data-id=\"7f707ea0\" data-element_type=\"section\" data-e-type=\"section\" data-settings=\"{&quot;stretch_section&quot;:&quot;section-stretched&quot;,&quot;background_background&quot;:&quot;classic&quot;}\">\n\t\t\t\t\t\t<div class=\"elementor-container elementor-column-gap-default\">\n\t\t\t\t\t<div class=\"elementor-column elementor-col-100 elementor-top-column elementor-element elementor-element-53cd8d3b\" data-id=\"53cd8d3b\" data-element_type=\"column\" data-e-type=\"column\">\n\t\t\t<div class=\"elementor-widget-wrap elementor-element-populated\">\n\t\t\t\t\t\t<div class=\"elementor-element elementor-element-4dcb4c4b elementor-widget elementor-widget-heading\" data-id=\"4dcb4c4b\" data-element_type=\"widget\" data-e-type=\"widget\" data-widget_type=\"heading.default\">\n\t\t\t\t<div class=\"elementor-widget-container\">\n\t\t\t\t\t<h2 class=\"elementor-heading-title elementor-size-default\"><span class=\"ui-provider bbb bbc bbd bbe bbf bbg bbh bbi bbj bbk bbl bbm bbn bbo bbp bbq bbr bbs bbt bbu bbv bbw bbx bby bbz bca bcb bcc bcd bce bcf bcg bch bci bcj\" dir=\"ltr\">Visita a HP Valencia<\/span><\/h2>\t\t\t\t<\/div>\n\t\t\t\t<\/div>\n\t\t\t\t\t<\/div>\n\t\t<\/div>\n\t\t\t\t\t<\/div>\n\t\t<\/section>\n\t\t\t\t<section class=\"elementor-section elementor-top-section elementor-element elementor-element-60c9a451 elementor-section-boxed elementor-section-height-default elementor-section-height-default\" data-id=\"60c9a451\" data-element_type=\"section\" data-e-type=\"section\" data-settings=\"{&quot;background_background&quot;:&quot;classic&quot;}\">\n\t\t\t\t\t\t<div class=\"elementor-container elementor-column-gap-default\">\n\t\t\t\t\t<div class=\"elementor-column elementor-col-16 elementor-top-column elementor-element elementor-element-1cce9596\" data-id=\"1cce9596\" data-element_type=\"column\" data-e-type=\"column\">\n\t\t\t<div class=\"elementor-widget-wrap\">\n\t\t\t\t\t\t\t<\/div>\n\t\t<\/div>\n\t\t\t\t<div class=\"elementor-column elementor-col-66 elementor-top-column elementor-element elementor-element-6c1eaea5\" data-id=\"6c1eaea5\" data-element_type=\"column\" data-e-type=\"column\" data-settings=\"{&quot;background_background&quot;:&quot;classic&quot;}\">\n\t\t\t<div class=\"elementor-widget-wrap elementor-element-populated\">\n\t\t\t\t\t\t<div class=\"elementor-element elementor-element-cfc9a elementor-widget elementor-widget-html\" data-id=\"cfc9a\" data-element_type=\"widget\" data-e-type=\"widget\" data-widget_type=\"html.default\">\n\t\t\t\t<div class=\"elementor-widget-container\">\n\t\t\t\t\t<span style=\"font-family:Poppins; background-color:#467ff7;color:#fff;padding:5px 10px;border-radius:6px;\">20 de noviembre de 2023<\/span>\t\t\t\t<\/div>\n\t\t\t\t<\/div>\n\t\t\t\t<div class=\"elementor-element elementor-element-12aa46f6 elementor-widget elementor-widget-text-editor\" data-id=\"12aa46f6\" data-element_type=\"widget\" data-e-type=\"widget\" data-widget_type=\"text-editor.default\">\n\t\t\t\t<div class=\"elementor-widget-container\">\n\t\t\t\t\t\t\t\t\t<p><span class=\"ui-provider bbb bbc bbd bbe bbf bbg bbh bbi bbj bbk bbl bbm bbn bbo bbp bbq bbr bbs bbt bbu bbv bbw bbx bby bbz bca bcb bcc bcd bce bcf bcg bch bci bcj\" dir=\"ltr\">En el marco del evento VIEW organizado por el grupo de Generaci\u00f3n Espont\u00e1nea BEST, un grupo de estudiantes realiz\u00f3 una visita a las oficinas de HP Valencia. En la visita el personal de HP coment\u00f3 los proyectos que est\u00e1n realizando en la sede de Valencia, enfocada al desarrollo de software para sus dispositivos. En particular se hizo una demo del proyecto \u00a0HP SitePrint, una robot para el trazado de superficies en obras de construcci\u00f3n.<\/span><\/p>\t\t\t\t\t\t\t\t<\/div>\n\t\t\t\t<\/div>\n\t\t\t\t<div class=\"elementor-element elementor-element-10797850 gallery-spacing-custom elementor-widget elementor-widget-image-gallery\" data-id=\"10797850\" data-element_type=\"widget\" data-e-type=\"widget\" data-widget_type=\"image-gallery.default\">\n\t\t\t\t<div class=\"elementor-widget-container\">\n\t\t\t\t\t\t\t<div class=\"elementor-image-gallery\">\n\t\t\t<div id='gallery-1' class='gallery galleryid-2004 gallery-columns-2 gallery-size-medium_large'><figure class='gallery-item'>\n\t\t\t<div class='gallery-icon landscape'>\n\t\t\t\t<a data-elementor-open-lightbox=\"yes\" data-elementor-lightbox-slideshow=\"10797850\" data-elementor-lightbox-title=\"Visita a HP Valencia\" data-e-action-hash=\"#elementor-action%3Aaction%3Dlightbox%26settings%3DeyJpZCI6MjAwNiwidXJsIjoiaHR0cHM6XC9cL2NhdGVkcmEtaHAud2Vicy51cHYuZXNcL3dwLWNvbnRlbnRcL3VwbG9hZHNcLzIwMjNcLzEyXC9NaWNyb3NvZnRUZWFtcy1pbWFnZS0xMzMtc2NhbGVkLmpwZyIsInNsaWRlc2hvdyI6IjEwNzk3ODUwIn0%3D\" href='https:\/\/catedra-hp.webs.upv.es\/wp-content\/uploads\/2023\/12\/MicrosoftTeams-image-133-scaled.jpg'><img fetchpriority=\"high\" decoding=\"async\" width=\"768\" height=\"576\" src=\"https:\/\/catedra-hp.webs.upv.es\/wp-content\/uploads\/2023\/12\/MicrosoftTeams-image-133-768x576.jpg\" class=\"attachment-medium_large size-medium_large\" alt=\"\" srcset=\"https:\/\/catedra-hp.webs.upv.es\/wp-content\/uploads\/2023\/12\/MicrosoftTeams-image-133-768x576.jpg 768w, https:\/\/catedra-hp.webs.upv.es\/wp-content\/uploads\/2023\/12\/MicrosoftTeams-image-133-300x225.jpg 300w, https:\/\/catedra-hp.webs.upv.es\/wp-content\/uploads\/2023\/12\/MicrosoftTeams-image-133-1024x768.jpg 1024w, https:\/\/catedra-hp.webs.upv.es\/wp-content\/uploads\/2023\/12\/MicrosoftTeams-image-133-1536x1152.jpg 1536w, https:\/\/catedra-hp.webs.upv.es\/wp-content\/uploads\/2023\/12\/MicrosoftTeams-image-133-2048x1536.jpg 2048w\" sizes=\"(max-width: 768px) 100vw, 768px\" \/><\/a>\n\t\t\t<\/div><\/figure><figure class='gallery-item'>\n\t\t\t<div class='gallery-icon landscape'>\n\t\t\t\t<a data-elementor-open-lightbox=\"yes\" data-elementor-lightbox-slideshow=\"10797850\" data-elementor-lightbox-title=\"Visita a HP Valencia\" data-e-action-hash=\"#elementor-action%3Aaction%3Dlightbox%26settings%3DeyJpZCI6MjAwOSwidXJsIjoiaHR0cHM6XC9cL2NhdGVkcmEtaHAud2Vicy51cHYuZXNcL3dwLWNvbnRlbnRcL3VwbG9hZHNcLzIwMjNcLzEyXC9NaWNyb3NvZnRUZWFtcy1pbWFnZS0xMzAtc2NhbGVkLmpwZyIsInNsaWRlc2hvdyI6IjEwNzk3ODUwIn0%3D\" href='https:\/\/catedra-hp.webs.upv.es\/wp-content\/uploads\/2023\/12\/MicrosoftTeams-image-130-scaled.jpg'><img decoding=\"async\" width=\"768\" height=\"576\" src=\"https:\/\/catedra-hp.webs.upv.es\/wp-content\/uploads\/2023\/12\/MicrosoftTeams-image-130-768x576.jpg\" class=\"attachment-medium_large size-medium_large\" alt=\"\" srcset=\"https:\/\/catedra-hp.webs.upv.es\/wp-content\/uploads\/2023\/12\/MicrosoftTeams-image-130-768x576.jpg 768w, https:\/\/catedra-hp.webs.upv.es\/wp-content\/uploads\/2023\/12\/MicrosoftTeams-image-130-300x225.jpg 300w, https:\/\/catedra-hp.webs.upv.es\/wp-content\/uploads\/2023\/12\/MicrosoftTeams-image-130-1024x768.jpg 1024w, https:\/\/catedra-hp.webs.upv.es\/wp-content\/uploads\/2023\/12\/MicrosoftTeams-image-130-1536x1152.jpg 1536w, https:\/\/catedra-hp.webs.upv.es\/wp-content\/uploads\/2023\/12\/MicrosoftTeams-image-130-2048x1536.jpg 2048w\" sizes=\"(max-width: 768px) 100vw, 768px\" \/><\/a>\n\t\t\t<\/div><\/figure><figure class='gallery-item'>\n\t\t\t<div class='gallery-icon portrait'>\n\t\t\t\t<a data-elementor-open-lightbox=\"yes\" data-elementor-lightbox-slideshow=\"10797850\" data-elementor-lightbox-title=\"Visita a HP Valencia\" data-e-action-hash=\"#elementor-action%3Aaction%3Dlightbox%26settings%3DeyJpZCI6MjAwNywidXJsIjoiaHR0cHM6XC9cL2NhdGVkcmEtaHAud2Vicy51cHYuZXNcL3dwLWNvbnRlbnRcL3VwbG9hZHNcLzIwMjNcLzEyXC9NaWNyb3NvZnRUZWFtcy1pbWFnZS0xMzItc2NhbGVkLmpwZyIsInNsaWRlc2hvdyI6IjEwNzk3ODUwIn0%3D\" href='https:\/\/catedra-hp.webs.upv.es\/wp-content\/uploads\/2023\/12\/MicrosoftTeams-image-132-scaled.jpg'><img decoding=\"async\" width=\"768\" height=\"1024\" src=\"https:\/\/catedra-hp.webs.upv.es\/wp-content\/uploads\/2023\/12\/MicrosoftTeams-image-132-768x1024.jpg\" class=\"attachment-medium_large size-medium_large\" alt=\"\" srcset=\"https:\/\/catedra-hp.webs.upv.es\/wp-content\/uploads\/2023\/12\/MicrosoftTeams-image-132-768x1024.jpg 768w, https:\/\/catedra-hp.webs.upv.es\/wp-content\/uploads\/2023\/12\/MicrosoftTeams-image-132-225x300.jpg 225w, https:\/\/catedra-hp.webs.upv.es\/wp-content\/uploads\/2023\/12\/MicrosoftTeams-image-132-1152x1536.jpg 1152w, https:\/\/catedra-hp.webs.upv.es\/wp-content\/uploads\/2023\/12\/MicrosoftTeams-image-132-1536x2048.jpg 1536w, https:\/\/catedra-hp.webs.upv.es\/wp-content\/uploads\/2023\/12\/MicrosoftTeams-image-132-scaled.jpg 1920w\" sizes=\"(max-width: 768px) 100vw, 768px\" \/><\/a>\n\t\t\t<\/div><\/figure><figure class='gallery-item'>\n\t\t\t<div class='gallery-icon landscape'>\n\t\t\t\t<a data-elementor-open-lightbox=\"yes\" data-elementor-lightbox-slideshow=\"10797850\" data-elementor-lightbox-title=\"Visita a HP Valencia\" data-e-action-hash=\"#elementor-action%3Aaction%3Dlightbox%26settings%3DeyJpZCI6MjAwOCwidXJsIjoiaHR0cHM6XC9cL2NhdGVkcmEtaHAud2Vicy51cHYuZXNcL3dwLWNvbnRlbnRcL3VwbG9hZHNcLzIwMjNcLzEyXC9NaWNyb3NvZnRUZWFtcy1pbWFnZS0xMzEtc2NhbGVkLmpwZyIsInNsaWRlc2hvdyI6IjEwNzk3ODUwIn0%3D\" href='https:\/\/catedra-hp.webs.upv.es\/wp-content\/uploads\/2023\/12\/MicrosoftTeams-image-131-scaled.jpg'><img loading=\"lazy\" decoding=\"async\" width=\"768\" height=\"576\" src=\"https:\/\/catedra-hp.webs.upv.es\/wp-content\/uploads\/2023\/12\/MicrosoftTeams-image-131-768x576.jpg\" class=\"attachment-medium_large size-medium_large\" alt=\"\" srcset=\"https:\/\/catedra-hp.webs.upv.es\/wp-content\/uploads\/2023\/12\/MicrosoftTeams-image-131-768x576.jpg 768w, https:\/\/catedra-hp.webs.upv.es\/wp-content\/uploads\/2023\/12\/MicrosoftTeams-image-131-300x225.jpg 300w, https:\/\/catedra-hp.webs.upv.es\/wp-content\/uploads\/2023\/12\/MicrosoftTeams-image-131-1024x768.jpg 1024w, https:\/\/catedra-hp.webs.upv.es\/wp-content\/uploads\/2023\/12\/MicrosoftTeams-image-131-1536x1152.jpg 1536w, https:\/\/catedra-hp.webs.upv.es\/wp-content\/uploads\/2023\/12\/MicrosoftTeams-image-131-2048x1536.jpg 2048w\" sizes=\"(max-width: 768px) 100vw, 768px\" \/><\/a>\n\t\t\t<\/div><\/figure>\n\t\t<\/div>\n\t\t<\/div>\n\t\t\t\t\t\t<\/div>\n\t\t\t\t<\/div>\n\t\t\t\t\t<\/div>\n\t\t<\/div>\n\t\t\t\t<div class=\"elementor-column elementor-col-16 elementor-top-column elementor-element elementor-element-7d579f58\" data-id=\"7d579f58\" data-element_type=\"column\" data-e-type=\"column\" data-settings=\"{&quot;background_background&quot;:&quot;classic&quot;}\">\n\t\t\t<div class=\"elementor-widget-wrap\">\n\t\t\t\t\t\t\t<\/div>\n\t\t<\/div>\n\t\t\t\t\t<\/div>\n\t\t<\/section>\n\t\t\t\t<section class=\"elementor-section elementor-top-section elementor-element elementor-element-637553c4 elementor-section-boxed elementor-section-height-default elementor-section-height-default\" data-id=\"637553c4\" data-element_type=\"section\" data-e-type=\"section\">\n\t\t\t\t\t\t<div class=\"elementor-container elementor-column-gap-default\">\n\t\t\t\t\t<div class=\"elementor-column elementor-col-100 elementor-top-column elementor-element elementor-element-65c92aa1\" data-id=\"65c92aa1\" data-element_type=\"column\" data-e-type=\"column\">\n\t\t\t<div class=\"elementor-widget-wrap\">\n\t\t\t\t\t\t\t<\/div>\n\t\t<\/div>\n\t\t\t\t\t<\/div>\n\t\t<\/section>\n\t\t\t\t<\/div>\n\t\t","protected":false},"excerpt":{"rendered":"<p>Visita a HP Valencia 20 de noviembre de 2023 En el marco del evento VIEW organizado por el grupo de Generaci\u00f3n Espont\u00e1nea BEST, un grupo de estudiantes realiz\u00f3 una visita a las oficinas de HP Valencia. En la visita el personal de HP coment\u00f3 los proyectos que est\u00e1n realizando en la sede de Valencia, enfocada [&hellip;]<\/p>\n","protected":false},"author":3,"featured_media":0,"parent":0,"menu_order":0,"comment_status":"closed","ping_status":"closed","template":"","meta":{"footnotes":""},"class_list":["post-2004","page","type-page","status-publish","hentry"],"_links":{"self":[{"href":"https:\/\/catedra-hp.webs.upv.es\/index.php\/wp-json\/wp\/v2\/pages\/2004","targetHints":{"allow":["GET"]}}],"collection":[{"href":"https:\/\/catedra-hp.webs.upv.es\/index.php\/wp-json\/wp\/v2\/pages"}],"about":[{"href":"https:\/\/catedra-hp.webs.upv.es\/index.php\/wp-json\/wp\/v2\/types\/page"}],"author":[{"embeddable":true,"href":"https:\/\/catedra-hp.webs.upv.es\/index.php\/wp-json\/wp\/v2\/users\/3"}],"replies":[{"embeddable":true,"href":"https:\/\/catedra-hp.webs.upv.es\/index.php\/wp-json\/wp\/v2\/comments?post=2004"}],"version-history":[{"count":0,"href":"https:\/\/catedra-hp.webs.upv.es\/index.php\/wp-json\/wp\/v2\/pages\/2004\/revisions"}],"wp:attachment":[{"href":"https:\/\/catedra-hp.webs.upv.es\/index.php\/wp-json\/wp\/v2\/media?parent=2004"}],"curies":[{"name":"wp","href":"https:\/\/api.w.org\/{rel}","templated":true}]}}