{"id":277,"date":"2022-05-12T18:37:50","date_gmt":"2022-05-12T18:37:50","guid":{"rendered":"https:\/\/catedra-hp.webs.upv.es\/?page_id=277"},"modified":"2022-11-13T09:50:34","modified_gmt":"2022-11-13T09:50:34","slug":"reto-acm-de-programacion","status":"publish","type":"page","link":"https:\/\/catedra-hp.webs.upv.es\/index.php\/reto-acm-de-programacion\/","title":{"rendered":"Reto ACM de programaci\u00f3n"},"content":{"rendered":"\t\t<div data-elementor-type=\"wp-page\" data-elementor-id=\"277\" class=\"elementor elementor-277\">\n\t\t\t\t\t\t<section class=\"elementor-section elementor-top-section elementor-element elementor-element-b8e345c elementor-section-boxed elementor-section-height-default elementor-section-height-default\" data-id=\"b8e345c\" data-element_type=\"section\" data-e-type=\"section\" data-settings=\"{&quot;background_background&quot;:&quot;classic&quot;}\">\n\t\t\t\t\t\t<div class=\"elementor-container elementor-column-gap-default\">\n\t\t\t\t\t<div class=\"elementor-column elementor-col-100 elementor-top-column elementor-element elementor-element-ccbc9c1\" data-id=\"ccbc9c1\" data-element_type=\"column\" data-e-type=\"column\">\n\t\t\t<div class=\"elementor-widget-wrap elementor-element-populated\">\n\t\t\t\t\t\t<div class=\"elementor-element elementor-element-26467d4 elementor-widget elementor-widget-heading\" data-id=\"26467d4\" data-element_type=\"widget\" data-e-type=\"widget\" data-widget_type=\"heading.default\">\n\t\t\t\t<div class=\"elementor-widget-container\">\n\t\t\t\t\t<h2 class=\"elementor-heading-title elementor-size-default\">Reto ACM de programaci\u00f3n<\/h2>\t\t\t\t<\/div>\n\t\t\t\t<\/div>\n\t\t\t\t\t<\/div>\n\t\t<\/div>\n\t\t\t\t\t<\/div>\n\t\t<\/section>\n\t\t\t\t<section class=\"elementor-section elementor-top-section elementor-element elementor-element-6617924 elementor-section-boxed elementor-section-height-default elementor-section-height-default\" data-id=\"6617924\" data-element_type=\"section\" data-e-type=\"section\">\n\t\t\t\t\t\t<div class=\"elementor-container elementor-column-gap-default\">\n\t\t\t\t\t<div class=\"elementor-column elementor-col-16 elementor-top-column elementor-element elementor-element-f056e97\" data-id=\"f056e97\" data-element_type=\"column\" data-e-type=\"column\">\n\t\t\t<div class=\"elementor-widget-wrap\">\n\t\t\t\t\t\t\t<\/div>\n\t\t<\/div>\n\t\t\t\t<div class=\"elementor-column elementor-col-66 elementor-top-column elementor-element elementor-element-1c481f1\" data-id=\"1c481f1\" data-element_type=\"column\" data-e-type=\"column\" data-settings=\"{&quot;background_background&quot;:&quot;classic&quot;}\">\n\t\t\t<div class=\"elementor-widget-wrap elementor-element-populated\">\n\t\t\t\t\t\t<div class=\"elementor-element elementor-element-b4c0a2f elementor-widget elementor-widget-html\" data-id=\"b4c0a2f\" data-element_type=\"widget\" data-e-type=\"widget\" data-widget_type=\"html.default\">\n\t\t\t\t<div class=\"elementor-widget-container\">\n\t\t\t\t\t<span style=\"font-family:Poppins; background-color:#467ff7;color:#fff;padding:5px 10px;border-radius:6px;\">5 de mayo de 2022<\/span>\t\t\t\t<\/div>\n\t\t\t\t<\/div>\n\t\t\t\t<div class=\"elementor-element elementor-element-d20f767 elementor-widget elementor-widget-text-editor\" data-id=\"d20f767\" data-element_type=\"widget\" data-e-type=\"widget\" data-widget_type=\"text-editor.default\">\n\t\t\t\t<div class=\"elementor-widget-container\">\n\t\t\t\t\t\t\t\t\t<p>La tem\u00e1tica de la competici\u00f3n fue el desarrollo de varios retos de programaci\u00f3n. Se pod\u00eda participar solo o con un compa\u00f1ero para resolver problemas en un limite de 4 horas.<\/p><p>El c\u00f3digo se pod\u00eda desarrollar en C++, Java o Python 3 utilizando un entorno Linux.<br \/>Hubo 6 premios valorados en m\u00e1s de 300 \u20ac, dos para cada categor\u00eda.<\/p><p>La C\u00e1tedra HP-UPV ofreci\u00f3 un coffe break con almuerzo gratuito para todos los participante, adem\u00e1s de colaborar con Arduinos como premios en cada categor\u00eda. FacePhi tambi\u00e9n ofreci\u00f3n un premio especial.<\/p><p>Categor\u00edas:<br \/>&#8211; Primera: alumnos de primer curso.<br \/>&#8211; Segunda: alumnos de segundo y tercer curso.<br \/>&#8211; Tercera: alumnos de cuarto hacia adelante.<\/p><p>Participaron m\u00e1s de 40 estudiantes.<\/p><p>\u00a0<\/p>\t\t\t\t\t\t\t\t<\/div>\n\t\t\t\t<\/div>\n\t\t\t\t<div class=\"elementor-element elementor-element-96db94e gallery-spacing-custom elementor-widget elementor-widget-image-gallery\" data-id=\"96db94e\" data-element_type=\"widget\" data-e-type=\"widget\" data-widget_type=\"image-gallery.default\">\n\t\t\t\t<div class=\"elementor-widget-container\">\n\t\t\t\t\t\t\t<div class=\"elementor-image-gallery\">\n\t\t\t<div id='gallery-1' class='gallery galleryid-277 gallery-columns-2 gallery-size-medium_large'><figure class='gallery-item'>\n\t\t\t<div class='gallery-icon landscape'>\n\t\t\t\t<a data-elementor-open-lightbox=\"yes\" data-elementor-lightbox-slideshow=\"96db94e\" data-elementor-lightbox-title=\"Reto de programaci\u00f3n\" data-e-action-hash=\"#elementor-action%3Aaction%3Dlightbox%26settings%3DeyJpZCI6MjgxLCJ1cmwiOiJodHRwczpcL1wvY2F0ZWRyYS1ocC53ZWJzLnVwdi5lc1wvd3AtY29udGVudFwvdXBsb2Fkc1wvMjAyMlwvMDVcLzIwMjIwNTA1XzA5NDMyNi1zY2FsZWQuanBnIiwic2xpZGVzaG93IjoiOTZkYjk0ZSJ9\" href='https:\/\/catedra-hp.webs.upv.es\/wp-content\/uploads\/2022\/05\/20220505_094326-scaled.jpg'><img fetchpriority=\"high\" decoding=\"async\" width=\"768\" height=\"359\" src=\"https:\/\/catedra-hp.webs.upv.es\/wp-content\/uploads\/2022\/05\/20220505_094326-768x359.jpg\" class=\"attachment-medium_large size-medium_large\" alt=\"\" srcset=\"https:\/\/catedra-hp.webs.upv.es\/wp-content\/uploads\/2022\/05\/20220505_094326-768x359.jpg 768w, https:\/\/catedra-hp.webs.upv.es\/wp-content\/uploads\/2022\/05\/20220505_094326-300x140.jpg 300w, https:\/\/catedra-hp.webs.upv.es\/wp-content\/uploads\/2022\/05\/20220505_094326-1024x478.jpg 1024w, https:\/\/catedra-hp.webs.upv.es\/wp-content\/uploads\/2022\/05\/20220505_094326-1536x717.jpg 1536w, https:\/\/catedra-hp.webs.upv.es\/wp-content\/uploads\/2022\/05\/20220505_094326-2048x956.jpg 2048w\" sizes=\"(max-width: 768px) 100vw, 768px\" \/><\/a>\n\t\t\t<\/div><\/figure><figure class='gallery-item'>\n\t\t\t<div class='gallery-icon landscape'>\n\t\t\t\t<a data-elementor-open-lightbox=\"yes\" data-elementor-lightbox-slideshow=\"96db94e\" data-elementor-lightbox-title=\"Reto de programaci\u00f3n\" data-e-action-hash=\"#elementor-action%3Aaction%3Dlightbox%26settings%3DeyJpZCI6MjgyLCJ1cmwiOiJodHRwczpcL1wvY2F0ZWRyYS1ocC53ZWJzLnVwdi5lc1wvd3AtY29udGVudFwvdXBsb2Fkc1wvMjAyMlwvMDVcLzIwMjIwNTA1XzA5NDg1OC1zY2FsZWQuanBnIiwic2xpZGVzaG93IjoiOTZkYjk0ZSJ9\" href='https:\/\/catedra-hp.webs.upv.es\/wp-content\/uploads\/2022\/05\/20220505_094858-scaled.jpg'><img decoding=\"async\" width=\"768\" height=\"359\" src=\"https:\/\/catedra-hp.webs.upv.es\/wp-content\/uploads\/2022\/05\/20220505_094858-768x359.jpg\" class=\"attachment-medium_large size-medium_large\" alt=\"\" srcset=\"https:\/\/catedra-hp.webs.upv.es\/wp-content\/uploads\/2022\/05\/20220505_094858-768x359.jpg 768w, https:\/\/catedra-hp.webs.upv.es\/wp-content\/uploads\/2022\/05\/20220505_094858-300x140.jpg 300w, https:\/\/catedra-hp.webs.upv.es\/wp-content\/uploads\/2022\/05\/20220505_094858-1024x478.jpg 1024w, https:\/\/catedra-hp.webs.upv.es\/wp-content\/uploads\/2022\/05\/20220505_094858-1536x717.jpg 1536w, https:\/\/catedra-hp.webs.upv.es\/wp-content\/uploads\/2022\/05\/20220505_094858-2048x956.jpg 2048w\" sizes=\"(max-width: 768px) 100vw, 768px\" \/><\/a>\n\t\t\t<\/div><\/figure><figure class='gallery-item'>\n\t\t\t<div class='gallery-icon landscape'>\n\t\t\t\t<a data-elementor-open-lightbox=\"yes\" data-elementor-lightbox-slideshow=\"96db94e\" data-elementor-lightbox-title=\"Reto ACM de programaci\u00f3n\" data-e-action-hash=\"#elementor-action%3Aaction%3Dlightbox%26settings%3DeyJpZCI6Nzg1LCJ1cmwiOiJodHRwczpcL1wvY2F0ZWRyYS1ocC53ZWJzLnVwdi5lc1wvd3AtY29udGVudFwvdXBsb2Fkc1wvMjAyMlwvMDVcLzIwMjIwNTA1XzExMDQzNi1zY2FsZWQuanBnIiwic2xpZGVzaG93IjoiOTZkYjk0ZSJ9\" href='https:\/\/catedra-hp.webs.upv.es\/wp-content\/uploads\/2022\/05\/20220505_110436-scaled.jpg'><img decoding=\"async\" width=\"768\" height=\"359\" src=\"https:\/\/catedra-hp.webs.upv.es\/wp-content\/uploads\/2022\/05\/20220505_110436-768x359.jpg\" class=\"attachment-medium_large size-medium_large\" alt=\"\" srcset=\"https:\/\/catedra-hp.webs.upv.es\/wp-content\/uploads\/2022\/05\/20220505_110436-768x359.jpg 768w, https:\/\/catedra-hp.webs.upv.es\/wp-content\/uploads\/2022\/05\/20220505_110436-300x140.jpg 300w, https:\/\/catedra-hp.webs.upv.es\/wp-content\/uploads\/2022\/05\/20220505_110436-1024x478.jpg 1024w, https:\/\/catedra-hp.webs.upv.es\/wp-content\/uploads\/2022\/05\/20220505_110436-1536x717.jpg 1536w, https:\/\/catedra-hp.webs.upv.es\/wp-content\/uploads\/2022\/05\/20220505_110436-2048x956.jpg 2048w\" sizes=\"(max-width: 768px) 100vw, 768px\" \/><\/a>\n\t\t\t<\/div><\/figure><figure class='gallery-item'>\n\t\t\t<div class='gallery-icon landscape'>\n\t\t\t\t<a data-elementor-open-lightbox=\"yes\" data-elementor-lightbox-slideshow=\"96db94e\" data-elementor-lightbox-title=\"20220505_105308\" data-e-action-hash=\"#elementor-action%3Aaction%3Dlightbox%26settings%3DeyJpZCI6Nzg3LCJ1cmwiOiJodHRwczpcL1wvY2F0ZWRyYS1ocC53ZWJzLnVwdi5lc1wvd3AtY29udGVudFwvdXBsb2Fkc1wvMjAyMlwvMDVcLzIwMjIwNTA1XzEwNTMwOC1zY2FsZWQuanBnIiwic2xpZGVzaG93IjoiOTZkYjk0ZSJ9\" href='https:\/\/catedra-hp.webs.upv.es\/wp-content\/uploads\/2022\/05\/20220505_105308-scaled.jpg'><img loading=\"lazy\" decoding=\"async\" width=\"768\" height=\"359\" src=\"https:\/\/catedra-hp.webs.upv.es\/wp-content\/uploads\/2022\/05\/20220505_105308-768x359.jpg\" class=\"attachment-medium_large size-medium_large\" alt=\"\" srcset=\"https:\/\/catedra-hp.webs.upv.es\/wp-content\/uploads\/2022\/05\/20220505_105308-768x359.jpg 768w, https:\/\/catedra-hp.webs.upv.es\/wp-content\/uploads\/2022\/05\/20220505_105308-300x140.jpg 300w, https:\/\/catedra-hp.webs.upv.es\/wp-content\/uploads\/2022\/05\/20220505_105308-1024x478.jpg 1024w, https:\/\/catedra-hp.webs.upv.es\/wp-content\/uploads\/2022\/05\/20220505_105308-1536x717.jpg 1536w, https:\/\/catedra-hp.webs.upv.es\/wp-content\/uploads\/2022\/05\/20220505_105308-2048x956.jpg 2048w\" sizes=\"(max-width: 768px) 100vw, 768px\" \/><\/a>\n\t\t\t<\/div><\/figure><figure class='gallery-item'>\n\t\t\t<div class='gallery-icon landscape'>\n\t\t\t\t<a data-elementor-open-lightbox=\"yes\" data-elementor-lightbox-slideshow=\"96db94e\" data-elementor-lightbox-title=\"20220505_141137\" data-e-action-hash=\"#elementor-action%3Aaction%3Dlightbox%26settings%3DeyJpZCI6NzkyLCJ1cmwiOiJodHRwczpcL1wvY2F0ZWRyYS1ocC53ZWJzLnVwdi5lc1wvd3AtY29udGVudFwvdXBsb2Fkc1wvMjAyMlwvMDVcLzIwMjIwNTA1XzE0MTEzNy1zY2FsZWQuanBnIiwic2xpZGVzaG93IjoiOTZkYjk0ZSJ9\" href='https:\/\/catedra-hp.webs.upv.es\/wp-content\/uploads\/2022\/05\/20220505_141137-scaled.jpg'><img loading=\"lazy\" decoding=\"async\" width=\"768\" height=\"359\" src=\"https:\/\/catedra-hp.webs.upv.es\/wp-content\/uploads\/2022\/05\/20220505_141137-768x359.jpg\" class=\"attachment-medium_large size-medium_large\" alt=\"\" srcset=\"https:\/\/catedra-hp.webs.upv.es\/wp-content\/uploads\/2022\/05\/20220505_141137-768x359.jpg 768w, https:\/\/catedra-hp.webs.upv.es\/wp-content\/uploads\/2022\/05\/20220505_141137-300x140.jpg 300w, https:\/\/catedra-hp.webs.upv.es\/wp-content\/uploads\/2022\/05\/20220505_141137-1024x478.jpg 1024w, https:\/\/catedra-hp.webs.upv.es\/wp-content\/uploads\/2022\/05\/20220505_141137-1536x717.jpg 1536w, https:\/\/catedra-hp.webs.upv.es\/wp-content\/uploads\/2022\/05\/20220505_141137-2048x956.jpg 2048w\" sizes=\"(max-width: 768px) 100vw, 768px\" \/><\/a>\n\t\t\t<\/div><\/figure><figure class='gallery-item'>\n\t\t\t<div class='gallery-icon landscape'>\n\t\t\t\t<a data-elementor-open-lightbox=\"yes\" data-elementor-lightbox-slideshow=\"96db94e\" data-elementor-lightbox-title=\"Presentaci\u00f3n reto\" data-e-action-hash=\"#elementor-action%3Aaction%3Dlightbox%26settings%3DeyJpZCI6Mjc5LCJ1cmwiOiJodHRwczpcL1wvY2F0ZWRyYS1ocC53ZWJzLnVwdi5lc1wvd3AtY29udGVudFwvdXBsb2Fkc1wvMjAyMlwvMDVcLzIwMjIwNTA1XzE0MjExMS1zY2FsZWQuanBnIiwic2xpZGVzaG93IjoiOTZkYjk0ZSJ9\" href='https:\/\/catedra-hp.webs.upv.es\/wp-content\/uploads\/2022\/05\/20220505_142111-scaled.jpg'><img loading=\"lazy\" decoding=\"async\" width=\"768\" height=\"359\" src=\"https:\/\/catedra-hp.webs.upv.es\/wp-content\/uploads\/2022\/05\/20220505_142111-768x359.jpg\" class=\"attachment-medium_large size-medium_large\" alt=\"\" srcset=\"https:\/\/catedra-hp.webs.upv.es\/wp-content\/uploads\/2022\/05\/20220505_142111-768x359.jpg 768w, https:\/\/catedra-hp.webs.upv.es\/wp-content\/uploads\/2022\/05\/20220505_142111-300x140.jpg 300w, https:\/\/catedra-hp.webs.upv.es\/wp-content\/uploads\/2022\/05\/20220505_142111-1024x478.jpg 1024w, https:\/\/catedra-hp.webs.upv.es\/wp-content\/uploads\/2022\/05\/20220505_142111-1536x717.jpg 1536w, https:\/\/catedra-hp.webs.upv.es\/wp-content\/uploads\/2022\/05\/20220505_142111-2048x956.jpg 2048w\" sizes=\"(max-width: 768px) 100vw, 768px\" \/><\/a>\n\t\t\t<\/div><\/figure>\n\t\t<\/div>\n\t\t<\/div>\n\t\t\t\t\t\t<\/div>\n\t\t\t\t<\/div>\n\t\t\t\t\t<\/div>\n\t\t<\/div>\n\t\t\t\t<div class=\"elementor-column elementor-col-16 elementor-top-column elementor-element elementor-element-de349e6\" data-id=\"de349e6\" data-element_type=\"column\" data-e-type=\"column\">\n\t\t\t<div class=\"elementor-widget-wrap\">\n\t\t\t\t\t\t\t<\/div>\n\t\t<\/div>\n\t\t\t\t\t<\/div>\n\t\t<\/section>\n\t\t\t\t<\/div>\n\t\t","protected":false},"excerpt":{"rendered":"<p>Reto ACM de programaci\u00f3n 5 de mayo de 2022 La tem\u00e1tica de la competici\u00f3n fue el desarrollo de varios retos de programaci\u00f3n. Se pod\u00eda participar solo o con un compa\u00f1ero para resolver problemas en un limite de 4 horas. El c\u00f3digo se pod\u00eda desarrollar en C++, Java o Python 3 utilizando un entorno Linux.Hubo 6 [&hellip;]<\/p>\n","protected":false},"author":1,"featured_media":0,"parent":0,"menu_order":0,"comment_status":"closed","ping_status":"closed","template":"","meta":{"footnotes":""},"class_list":["post-277","page","type-page","status-publish","hentry"],"_links":{"self":[{"href":"https:\/\/catedra-hp.webs.upv.es\/index.php\/wp-json\/wp\/v2\/pages\/277","targetHints":{"allow":["GET"]}}],"collection":[{"href":"https:\/\/catedra-hp.webs.upv.es\/index.php\/wp-json\/wp\/v2\/pages"}],"about":[{"href":"https:\/\/catedra-hp.webs.upv.es\/index.php\/wp-json\/wp\/v2\/types\/page"}],"author":[{"embeddable":true,"href":"https:\/\/catedra-hp.webs.upv.es\/index.php\/wp-json\/wp\/v2\/users\/1"}],"replies":[{"embeddable":true,"href":"https:\/\/catedra-hp.webs.upv.es\/index.php\/wp-json\/wp\/v2\/comments?post=277"}],"version-history":[{"count":0,"href":"https:\/\/catedra-hp.webs.upv.es\/index.php\/wp-json\/wp\/v2\/pages\/277\/revisions"}],"wp:attachment":[{"href":"https:\/\/catedra-hp.webs.upv.es\/index.php\/wp-json\/wp\/v2\/media?parent=277"}],"curies":[{"name":"wp","href":"https:\/\/api.w.org\/{rel}","templated":true}]}}